{"id":108,"date":"2024-05-11T15:20:13","date_gmt":"2024-05-11T15:20:13","guid":{"rendered":"https:\/\/veteranen-musik-rheintal.ch\/?page_id=108"},"modified":"2024-05-11T15:23:56","modified_gmt":"2024-05-11T15:23:56","slug":"geschichte","status":"publish","type":"page","link":"https:\/\/veteranen-musik-rheintal.ch\/index.php\/geschichte\/","title":{"rendered":"Geschichte"},"content":{"rendered":"\n<p>Den ersten Anlauf, eine eigene Veteranenmusik Rheintal zu gr\u00fcnden, nahm ich als Kreispr\u00e4sidentin im 2018\/2019 auf Bitten von diversen \u00e4lteren Musikanten aus dem Kreis Rheintal. Dieser verlief dann aber leider im Sand, da wir u.a. keinen geeigneten Dirigenten finden konnten. So wurde das Projekt einige Jahre &#8222;Auf Eis&#8220; gelegt, auch aufgrund von Corona 2020 &#8211; 2021!<\/p>\n\n\n\n<p>Im 2021 wurde ich wiederum angefragt, ob ich nochmals ein Rundmail an meine Vereine machen k\u00f6nnte und f\u00fcr eine Veteranenmusik Rheintal Werbung machen k\u00f6nnte. Und siehe da, es kamen doch einige Musikanten auf mich zu, die ihr Interesse zeigten.<\/p>\n\n\n\n<p>Der Zufall wollte es, dass ich am Freitag, 5. November 2021 an den Veteranenanlass des MV Rebstein im Restaurant &#8222;Kreuz &#038; Quer&#8220; eingeladen wurde, um einige Musikanten, die nicht an der Kreis-DV in Eichberg resp. Delegierten-Versammlung des St. Galler Blasmusikverbandes in Diepoldsau teilnehmen konnten, zu ehren. Der Zufall wollte es, dass ich genau an den Tisch der Ehrenmitglieder des Musikvereins Rebstein Platz nehmen durfte, direkt neben Kurt Ulmann, seines Zeichens jahrelanger Dirigent des Musikvereins Rebstein. So kamen wir dann ins Gespr\u00e4ch und ich fragte ihn direkt an, ob er sich vorstellen k\u00f6nnte, die Veteranenmusik Rheintal zu dirigieren &#8211; und er sagte prompt &#8222;JA&#8220; &#8211; was f\u00fcr ein Gl\u00fccksfall!<\/p>\n\n\n\n<p>Nun rollte der Stein, resp. das Projekt fast von alleine. Am 25. November 2021 verfasste ich an meine Pr\u00e4sidenten im Kreis Rheintal (\u00fcbrigens dem gr\u00f6ssten und sch\u00f6nsten Kreis im Kanton St. Gallen! ) ein Mail mit der Information, dass wir in Kurt Ulmann einen sehr geeigneten Dirigenten gefunden haben. Ich habe damals ganz klar kommuniziert, dass die Veteranenmusik Rheintal KEINE Konkurrenz zu den bestehenden Vereinen sein darf! Die Anfrage f\u00fcrs Mitmachen richtete sich darum vorallem an \u00e4lteren Musikanten, die nicht mehr aktiv im Verein sind, aber trotzdem gerne noch etwas Musik machen m\u00f6chten.<\/p>\n\n\n\n<p>Ziel war es, 1 x pro Monat zu \u00fcben (<strong>Freundlicherweise \u00fcberliess uns die Musikgesellschaft St. Margrethen ihr Probelokal f\u00fcr unsere monatlichen Proben!<\/strong>), die Auftritte mit den Vereinen zu koordinieren und selbstverst\u00e4ndlich auch das Gesellige zu pflegen.<\/p>\n\n\n\n<p>In den kommenden 3 Monaten kamen laufend Anmeldungen herein und mit Mail vom 23. Februar 2022 informierte ich die rund 30 Musikantinnen und Musikanten, die sich f\u00fcr die Veteranenmusik Rheintal interessierten, \u00fcber die 1. Probe am <strong>Dienstag, 8. M\u00e4rz 2022, 18.30 Uhr <\/strong>der Veteranenmusik Rheintal, im Probelokal St. Margrethen!<\/p>\n\n\n\n<p>\u2026 und so nahm die Geschichte der Veteranenmusik Rheintal seinen erfolgreichen Verlauf!<\/p>\n\n\n\n<p>Verena Federli \/ Kreispr\u00e4sidentin Rheintal<br>St. Margrethen, 01.05.2024<\/p>\n","protected":false},"excerpt":{"rendered":"<p>Den ersten Anlauf, eine eigene Veteranenmusik Rheintal zu gr\u00fcnden, nahm ich als Kreispr\u00e4sidentin im 2018\/2019 auf Bitten von diversen \u00e4lteren Musikanten aus dem Kreis Rheintal. Dieser verlief dann aber leider im Sand, da wir u.a. keinen geeigneten Dirigenten finden konnten. So wurde das Projekt einige Jahre &#8222;Auf Eis&#8220; gelegt, auch aufgrund von Corona 2020 &#8211; [&hellip;]<\/p>\n","protected":false},"author":1,"featured_media":0,"parent":0,"menu_order":0,"comment_status":"closed","ping_status":"closed","template":"","meta":{"footnotes":""},"class_list":["post-108","page","type-page","status-publish","hentry"],"_links":{"self":[{"href":"https:\/\/veteranen-musik-rheintal.ch\/index.php\/wp-json\/wp\/v2\/pages\/108","targetHints":{"allow":["GET"]}}],"collection":[{"href":"https:\/\/veteranen-musik-rheintal.ch\/index.php\/wp-json\/wp\/v2\/pages"}],"about":[{"href":"https:\/\/veteranen-musik-rheintal.ch\/index.php\/wp-json\/wp\/v2\/types\/page"}],"author":[{"embeddable":true,"href":"https:\/\/veteranen-musik-rheintal.ch\/index.php\/wp-json\/wp\/v2\/users\/1"}],"replies":[{"embeddable":true,"href":"https:\/\/veteranen-musik-rheintal.ch\/index.php\/wp-json\/wp\/v2\/comments?post=108"}],"version-history":[{"count":3,"href":"https:\/\/veteranen-musik-rheintal.ch\/index.php\/wp-json\/wp\/v2\/pages\/108\/revisions"}],"predecessor-version":[{"id":113,"href":"https:\/\/veteranen-musik-rheintal.ch\/index.php\/wp-json\/wp\/v2\/pages\/108\/revisions\/113"}],"wp:attachment":[{"href":"https:\/\/veteranen-musik-rheintal.ch\/index.php\/wp-json\/wp\/v2\/media?parent=108"}],"curies":[{"name":"wp","href":"https:\/\/api.w.org\/{rel}","templated":true}]}}